{"id":288,"date":"2017-03-01T14:44:39","date_gmt":"2017-03-01T14:44:39","guid":{"rendered":"http:\/\/art-dekor.com.pl\/?page_id=288"},"modified":"2017-03-02T17:56:11","modified_gmt":"2017-03-02T17:56:11","slug":"plytki-elewacyjne-cementowe","status":"publish","type":"page","link":"http:\/\/art-dekor.com.pl\/?page_id=288","title":{"rendered":"P\u0142ytki elewacyjne cementowe"},"content":{"rendered":"<p>P\u0142ytki wykonane s\u0105 z wysokiej jako\u015bci mieszanki na bazie cementu, w zwi\u0105zku z czym s\u0105 odporne na ka\u017cde warunki atmosferyczne i nadaj\u0105 si\u0119 bez problemu na zewn\u0119trzn\u0105 elewacj\u0119.<\/p>\n<p>Wszystkie pigmenty, plastyfikatory i inne materia\u0142y wykorzystywane w produkcji posiadaj\u0105 odpowiednie atesty i certyfikaty dla tego te\u017c s\u0105 w 100% nieszkodliwe dla otoczenia i mo\u017cna bez problemu montowa\u0107 je wewn\u0105trz pomieszcze\u0144.<\/p>\n<div id='gallery-1' class='gallery galleryid-288 gallery-columns-4 gallery-size-large'><figure class='gallery-item'>\n\t\t\t<div class='gallery-icon landscape'>\n\t\t\t\t<a href='http:\/\/art-dekor.com.pl\/wp-content\/uploads\/2016\/12\/25.jpg' title=\"\" data-rl_title=\"\" class=\"rl-gallery-link\" data-rl_caption=\"\" data-rel=\"lightbox-gallery-1\"><img width=\"640\" height=\"480\" src=\"http:\/\/art-dekor.com.pl\/wp-content\/uploads\/2016\/12\/25.jpg\" class=\"attachment-large size-large\" alt=\"\" decoding=\"async\" loading=\"lazy\" aria-describedby=\"gallery-1-111\" srcset=\"http:\/\/art-dekor.com.pl\/wp-content\/uploads\/2016\/12\/25.jpg 960w, http:\/\/art-dekor.com.pl\/wp-content\/uploads\/2016\/12\/25-300x225.jpg 300w, http:\/\/art-dekor.com.pl\/wp-content\/uploads\/2016\/12\/25-768x576.jpg 768w\" sizes=\"(max-width: 640px) 100vw, 640px\" \/><\/a>\n\t\t\t<\/div>\n\t\t\t\t<figcaption class='wp-caption-text gallery-caption' id='gallery-1-111'>\n\t\t\t\tUNIVERSAL ciemny br\u0105z z jasnym br\u0105zem\n\t\t\t\t<\/figcaption><\/figure><figure class='gallery-item'>\n\t\t\t<div class='gallery-icon landscape'>\n\t\t\t\t<a href='http:\/\/art-dekor.com.pl\/wp-content\/uploads\/2016\/12\/24.jpg' title=\"\" data-rl_title=\"\" class=\"rl-gallery-link\" data-rl_caption=\"\" data-rel=\"lightbox-gallery-1\"><img width=\"640\" height=\"480\" src=\"http:\/\/art-dekor.com.pl\/wp-content\/uploads\/2016\/12\/24.jpg\" class=\"attachment-large size-large\" alt=\"\" decoding=\"async\" loading=\"lazy\" aria-describedby=\"gallery-1-110\" srcset=\"http:\/\/art-dekor.com.pl\/wp-content\/uploads\/2016\/12\/24.jpg 800w, http:\/\/art-dekor.com.pl\/wp-content\/uploads\/2016\/12\/24-300x225.jpg 300w, http:\/\/art-dekor.com.pl\/wp-content\/uploads\/2016\/12\/24-768x576.jpg 768w\" sizes=\"(max-width: 640px) 100vw, 640px\" \/><\/a>\n\t\t\t<\/div>\n\t\t\t\t<figcaption class='wp-caption-text gallery-caption' id='gallery-1-110'>\n\t\t\t\tUNIVERSAL jasny piaskowy z br\u0105zem\n\t\t\t\t<\/figcaption><\/figure><figure class='gallery-item'>\n\t\t\t<div class='gallery-icon landscape'>\n\t\t\t\t<a href='http:\/\/art-dekor.com.pl\/wp-content\/uploads\/2016\/12\/23.jpg' title=\"\" data-rl_title=\"\" class=\"rl-gallery-link\" data-rl_caption=\"\" data-rel=\"lightbox-gallery-1\"><img width=\"640\" height=\"480\" src=\"http:\/\/art-dekor.com.pl\/wp-content\/uploads\/2016\/12\/23.jpg\" class=\"attachment-large size-large\" alt=\"\" decoding=\"async\" loading=\"lazy\" aria-describedby=\"gallery-1-109\" srcset=\"http:\/\/art-dekor.com.pl\/wp-content\/uploads\/2016\/12\/23.jpg 800w, http:\/\/art-dekor.com.pl\/wp-content\/uploads\/2016\/12\/23-300x225.jpg 300w, http:\/\/art-dekor.com.pl\/wp-content\/uploads\/2016\/12\/23-768x576.jpg 768w\" sizes=\"(max-width: 640px) 100vw, 640px\" \/><\/a>\n\t\t\t<\/div>\n\t\t\t\t<figcaption class='wp-caption-text gallery-caption' id='gallery-1-109'>\n\t\t\t\tUNIVERSAL ciemny grafit z jasnym piaskowym\n\t\t\t\t<\/figcaption><\/figure><figure class='gallery-item'>\n\t\t\t<div class='gallery-icon landscape'>\n\t\t\t\t<a href='http:\/\/art-dekor.com.pl\/wp-content\/uploads\/2016\/12\/21.jpg' title=\"\" data-rl_title=\"\" class=\"rl-gallery-link\" data-rl_caption=\"\" data-rel=\"lightbox-gallery-1\"><img width=\"640\" height=\"480\" src=\"http:\/\/art-dekor.com.pl\/wp-content\/uploads\/2016\/12\/21.jpg\" class=\"attachment-large size-large\" alt=\"\" decoding=\"async\" loading=\"lazy\" aria-describedby=\"gallery-1-107\" srcset=\"http:\/\/art-dekor.com.pl\/wp-content\/uploads\/2016\/12\/21.jpg 800w, http:\/\/art-dekor.com.pl\/wp-content\/uploads\/2016\/12\/21-300x225.jpg 300w, http:\/\/art-dekor.com.pl\/wp-content\/uploads\/2016\/12\/21-768x576.jpg 768w\" sizes=\"(max-width: 640px) 100vw, 640px\" \/><\/a>\n\t\t\t<\/div>\n\t\t\t\t<figcaption class='wp-caption-text gallery-caption' id='gallery-1-107'>\n\t\t\t\tUNIVERSAL ciemny piaskowy z ciemnym br\u0105zem\n\t\t\t\t<\/figcaption><\/figure><figure class='gallery-item'>\n\t\t\t<div class='gallery-icon landscape'>\n\t\t\t\t<a href='http:\/\/art-dekor.com.pl\/wp-content\/uploads\/2016\/12\/22.jpg' title=\"\" data-rl_title=\"\" class=\"rl-gallery-link\" data-rl_caption=\"\" data-rel=\"lightbox-gallery-1\"><img width=\"640\" height=\"480\" src=\"http:\/\/art-dekor.com.pl\/wp-content\/uploads\/2016\/12\/22.jpg\" class=\"attachment-large size-large\" alt=\"\" decoding=\"async\" loading=\"lazy\" aria-describedby=\"gallery-1-108\" srcset=\"http:\/\/art-dekor.com.pl\/wp-content\/uploads\/2016\/12\/22.jpg 960w, http:\/\/art-dekor.com.pl\/wp-content\/uploads\/2016\/12\/22-300x225.jpg 300w, http:\/\/art-dekor.com.pl\/wp-content\/uploads\/2016\/12\/22-768x576.jpg 768w\" sizes=\"(max-width: 640px) 100vw, 640px\" \/><\/a>\n\t\t\t<\/div>\n\t\t\t\t<figcaption class='wp-caption-text gallery-caption' id='gallery-1-108'>\n\t\t\t\tUNIVERSAL jasny piaskowy cieniowany\n\t\t\t\t<\/figcaption><\/figure><figure class='gallery-item'>\n\t\t\t<div class='gallery-icon landscape'>\n\t\t\t\t<a href='http:\/\/art-dekor.com.pl\/wp-content\/uploads\/2016\/12\/20.jpg' title=\"\" data-rl_title=\"\" class=\"rl-gallery-link\" data-rl_caption=\"\" data-rel=\"lightbox-gallery-1\"><img width=\"640\" height=\"480\" src=\"http:\/\/art-dekor.com.pl\/wp-content\/uploads\/2016\/12\/20.jpg\" class=\"attachment-large size-large\" alt=\"\" decoding=\"async\" loading=\"lazy\" aria-describedby=\"gallery-1-106\" srcset=\"http:\/\/art-dekor.com.pl\/wp-content\/uploads\/2016\/12\/20.jpg 800w, http:\/\/art-dekor.com.pl\/wp-content\/uploads\/2016\/12\/20-300x225.jpg 300w, http:\/\/art-dekor.com.pl\/wp-content\/uploads\/2016\/12\/20-768x576.jpg 768w\" sizes=\"(max-width: 640px) 100vw, 640px\" \/><\/a>\n\t\t\t<\/div>\n\t\t\t\t<figcaption class='wp-caption-text gallery-caption' id='gallery-1-106'>\n\t\t\t\tUNIVERSAL jasny br\u0105z z piaskowym\n\t\t\t\t<\/figcaption><\/figure><figure class='gallery-item'>\n\t\t\t<div class='gallery-icon landscape'>\n\t\t\t\t<a href='http:\/\/art-dekor.com.pl\/wp-content\/uploads\/2016\/12\/19.jpg' title=\"\" data-rl_title=\"\" class=\"rl-gallery-link\" data-rl_caption=\"\" data-rel=\"lightbox-gallery-1\"><img width=\"640\" height=\"480\" src=\"http:\/\/art-dekor.com.pl\/wp-content\/uploads\/2016\/12\/19.jpg\" class=\"attachment-large size-large\" alt=\"\" decoding=\"async\" loading=\"lazy\" aria-describedby=\"gallery-1-105\" srcset=\"http:\/\/art-dekor.com.pl\/wp-content\/uploads\/2016\/12\/19.jpg 960w, http:\/\/art-dekor.com.pl\/wp-content\/uploads\/2016\/12\/19-300x225.jpg 300w, http:\/\/art-dekor.com.pl\/wp-content\/uploads\/2016\/12\/19-768x576.jpg 768w\" sizes=\"(max-width: 640px) 100vw, 640px\" \/><\/a>\n\t\t\t<\/div>\n\t\t\t\t<figcaption class='wp-caption-text gallery-caption' id='gallery-1-105'>\n\t\t\t\tUNIVERSAL ciemny br\u0105z z jasnym piaskowym\n\t\t\t\t<\/figcaption><\/figure><figure class='gallery-item'>\n\t\t\t<div class='gallery-icon landscape'>\n\t\t\t\t<a href='http:\/\/art-dekor.com.pl\/wp-content\/uploads\/2016\/12\/17b.jpg' title=\"\" data-rl_title=\"\" class=\"rl-gallery-link\" data-rl_caption=\"\" data-rel=\"lightbox-gallery-1\"><img width=\"640\" height=\"480\" src=\"http:\/\/art-dekor.com.pl\/wp-content\/uploads\/2016\/12\/17b.jpg\" class=\"attachment-large size-large\" alt=\"\" decoding=\"async\" loading=\"lazy\" aria-describedby=\"gallery-1-103\" srcset=\"http:\/\/art-dekor.com.pl\/wp-content\/uploads\/2016\/12\/17b.jpg 960w, http:\/\/art-dekor.com.pl\/wp-content\/uploads\/2016\/12\/17b-300x225.jpg 300w, http:\/\/art-dekor.com.pl\/wp-content\/uploads\/2016\/12\/17b-768x576.jpg 768w\" sizes=\"(max-width: 640px) 100vw, 640px\" \/><\/a>\n\t\t\t<\/div>\n\t\t\t\t<figcaption class='wp-caption-text gallery-caption' id='gallery-1-103'>\n\t\t\t\tUNIVERSAL jasny grafit z ciemnym piaskowym\n\t\t\t\t<\/figcaption><\/figure><figure class='gallery-item'>\n\t\t\t<div class='gallery-icon landscape'>\n\t\t\t\t<a href='http:\/\/art-dekor.com.pl\/wp-content\/uploads\/2017\/01\/13.jpg' title=\"\" data-rl_title=\"\" class=\"rl-gallery-link\" data-rl_caption=\"\" data-rel=\"lightbox-gallery-1\"><img width=\"640\" height=\"480\" src=\"http:\/\/art-dekor.com.pl\/wp-content\/uploads\/2017\/01\/13.jpg\" class=\"attachment-large size-large\" alt=\"\" decoding=\"async\" loading=\"lazy\" aria-describedby=\"gallery-1-35\" srcset=\"http:\/\/art-dekor.com.pl\/wp-content\/uploads\/2017\/01\/13.jpg 960w, http:\/\/art-dekor.com.pl\/wp-content\/uploads\/2017\/01\/13-300x225.jpg 300w, http:\/\/art-dekor.com.pl\/wp-content\/uploads\/2017\/01\/13-768x576.jpg 768w, http:\/\/art-dekor.com.pl\/wp-content\/uploads\/2017\/01\/13-400x300.jpg 400w\" sizes=\"(max-width: 640px) 100vw, 640px\" \/><\/a>\n\t\t\t<\/div>\n\t\t\t\t<figcaption class='wp-caption-text gallery-caption' id='gallery-1-35'>\n\t\t\t\tUNIVERSAL ceglany z br\u0105zem\n\t\t\t\t<\/figcaption><\/figure><figure class='gallery-item'>\n\t\t\t<div class='gallery-icon landscape'>\n\t\t\t\t<a href='http:\/\/art-dekor.com.pl\/wp-content\/uploads\/2017\/01\/12.jpg' title=\"\" data-rl_title=\"\" class=\"rl-gallery-link\" data-rl_caption=\"\" data-rel=\"lightbox-gallery-1\"><img width=\"640\" height=\"480\" src=\"http:\/\/art-dekor.com.pl\/wp-content\/uploads\/2017\/01\/12.jpg\" class=\"attachment-large size-large\" alt=\"\" decoding=\"async\" loading=\"lazy\" aria-describedby=\"gallery-1-34\" srcset=\"http:\/\/art-dekor.com.pl\/wp-content\/uploads\/2017\/01\/12.jpg 960w, http:\/\/art-dekor.com.pl\/wp-content\/uploads\/2017\/01\/12-300x225.jpg 300w, http:\/\/art-dekor.com.pl\/wp-content\/uploads\/2017\/01\/12-768x576.jpg 768w, http:\/\/art-dekor.com.pl\/wp-content\/uploads\/2017\/01\/12-400x300.jpg 400w\" sizes=\"(max-width: 640px) 100vw, 640px\" \/><\/a>\n\t\t\t<\/div>\n\t\t\t\t<figcaption class='wp-caption-text gallery-caption' id='gallery-1-34'>\n\t\t\t\tUNIVERSAL ciemny br\u0105z z rudym\n\t\t\t\t<\/figcaption><\/figure><figure class='gallery-item'>\n\t\t\t<div class='gallery-icon landscape'>\n\t\t\t\t<a href='http:\/\/art-dekor.com.pl\/wp-content\/uploads\/2017\/01\/11.jpg' title=\"\" data-rl_title=\"\" class=\"rl-gallery-link\" data-rl_caption=\"\" data-rel=\"lightbox-gallery-1\"><img width=\"640\" height=\"480\" src=\"http:\/\/art-dekor.com.pl\/wp-content\/uploads\/2017\/01\/11.jpg\" class=\"attachment-large size-large\" alt=\"\" decoding=\"async\" loading=\"lazy\" aria-describedby=\"gallery-1-33\" srcset=\"http:\/\/art-dekor.com.pl\/wp-content\/uploads\/2017\/01\/11.jpg 960w, http:\/\/art-dekor.com.pl\/wp-content\/uploads\/2017\/01\/11-300x225.jpg 300w, http:\/\/art-dekor.com.pl\/wp-content\/uploads\/2017\/01\/11-768x576.jpg 768w, http:\/\/art-dekor.com.pl\/wp-content\/uploads\/2017\/01\/11-400x300.jpg 400w\" sizes=\"(max-width: 640px) 100vw, 640px\" \/><\/a>\n\t\t\t<\/div>\n\t\t\t\t<figcaption class='wp-caption-text gallery-caption' id='gallery-1-33'>\n\t\t\t\tSANDSTONE jasny piaskowy z ciemnym piaskowym i z br\u0105zem\n\t\t\t\t<\/figcaption><\/figure><figure class='gallery-item'>\n\t\t\t<div class='gallery-icon landscape'>\n\t\t\t\t<a href='http:\/\/art-dekor.com.pl\/wp-content\/uploads\/2017\/01\/9.jpg' title=\"\" data-rl_title=\"\" class=\"rl-gallery-link\" data-rl_caption=\"\" data-rel=\"lightbox-gallery-1\"><img width=\"640\" height=\"480\" src=\"http:\/\/art-dekor.com.pl\/wp-content\/uploads\/2017\/01\/9.jpg\" class=\"attachment-large size-large\" alt=\"\" decoding=\"async\" loading=\"lazy\" aria-describedby=\"gallery-1-31\" srcset=\"http:\/\/art-dekor.com.pl\/wp-content\/uploads\/2017\/01\/9.jpg 960w, http:\/\/art-dekor.com.pl\/wp-content\/uploads\/2017\/01\/9-300x225.jpg 300w, http:\/\/art-dekor.com.pl\/wp-content\/uploads\/2017\/01\/9-768x576.jpg 768w, http:\/\/art-dekor.com.pl\/wp-content\/uploads\/2017\/01\/9-400x300.jpg 400w\" sizes=\"(max-width: 640px) 100vw, 640px\" \/><\/a>\n\t\t\t<\/div>\n\t\t\t\t<figcaption class='wp-caption-text gallery-caption' id='gallery-1-31'>\n\t\t\t\tSANDSTONE ciemny piaskowy z ciemnym br\u0105zem\n\t\t\t\t<\/figcaption><\/figure><figure class='gallery-item'>\n\t\t\t<div class='gallery-icon landscape'>\n\t\t\t\t<a href='http:\/\/art-dekor.com.pl\/wp-content\/uploads\/2017\/01\/7.jpg' title=\"\" data-rl_title=\"\" class=\"rl-gallery-link\" data-rl_caption=\"\" data-rel=\"lightbox-gallery-1\"><img width=\"640\" height=\"480\" src=\"http:\/\/art-dekor.com.pl\/wp-content\/uploads\/2017\/01\/7.jpg\" class=\"attachment-large size-large\" alt=\"\" decoding=\"async\" loading=\"lazy\" aria-describedby=\"gallery-1-29\" srcset=\"http:\/\/art-dekor.com.pl\/wp-content\/uploads\/2017\/01\/7.jpg 960w, http:\/\/art-dekor.com.pl\/wp-content\/uploads\/2017\/01\/7-300x225.jpg 300w, http:\/\/art-dekor.com.pl\/wp-content\/uploads\/2017\/01\/7-768x576.jpg 768w, http:\/\/art-dekor.com.pl\/wp-content\/uploads\/2017\/01\/7-400x300.jpg 400w\" sizes=\"(max-width: 640px) 100vw, 640px\" \/><\/a>\n\t\t\t<\/div>\n\t\t\t\t<figcaption class='wp-caption-text gallery-caption' id='gallery-1-29'>\n\t\t\t\tTHONG ciemny grafit\n\t\t\t\t<\/figcaption><\/figure><figure class='gallery-item'>\n\t\t\t<div class='gallery-icon landscape'>\n\t\t\t\t<a href='http:\/\/art-dekor.com.pl\/wp-content\/uploads\/2017\/01\/6.jpg' title=\"\" data-rl_title=\"\" class=\"rl-gallery-link\" data-rl_caption=\"\" data-rel=\"lightbox-gallery-1\"><img width=\"640\" height=\"480\" src=\"http:\/\/art-dekor.com.pl\/wp-content\/uploads\/2017\/01\/6.jpg\" class=\"attachment-large size-large\" alt=\"\" decoding=\"async\" loading=\"lazy\" aria-describedby=\"gallery-1-28\" srcset=\"http:\/\/art-dekor.com.pl\/wp-content\/uploads\/2017\/01\/6.jpg 960w, http:\/\/art-dekor.com.pl\/wp-content\/uploads\/2017\/01\/6-300x225.jpg 300w, http:\/\/art-dekor.com.pl\/wp-content\/uploads\/2017\/01\/6-768x576.jpg 768w, http:\/\/art-dekor.com.pl\/wp-content\/uploads\/2017\/01\/6-400x300.jpg 400w\" sizes=\"(max-width: 640px) 100vw, 640px\" \/><\/a>\n\t\t\t<\/div>\n\t\t\t\t<figcaption class='wp-caption-text gallery-caption' id='gallery-1-28'>\n\t\t\t\tUNIVERSAL piaskowy cieniowany\n\t\t\t\t<\/figcaption><\/figure><figure class='gallery-item'>\n\t\t\t<div class='gallery-icon landscape'>\n\t\t\t\t<a href='http:\/\/art-dekor.com.pl\/wp-content\/uploads\/2017\/01\/3.jpg' title=\"\" data-rl_title=\"\" class=\"rl-gallery-link\" data-rl_caption=\"\" data-rel=\"lightbox-gallery-1\"><img width=\"640\" height=\"479\" src=\"http:\/\/art-dekor.com.pl\/wp-content\/uploads\/2017\/01\/3.jpg\" class=\"attachment-large size-large\" alt=\"\" decoding=\"async\" loading=\"lazy\" aria-describedby=\"gallery-1-25\" srcset=\"http:\/\/art-dekor.com.pl\/wp-content\/uploads\/2017\/01\/3.jpg 960w, http:\/\/art-dekor.com.pl\/wp-content\/uploads\/2017\/01\/3-300x225.jpg 300w, http:\/\/art-dekor.com.pl\/wp-content\/uploads\/2017\/01\/3-768x575.jpg 768w, http:\/\/art-dekor.com.pl\/wp-content\/uploads\/2017\/01\/3-400x300.jpg 400w\" sizes=\"(max-width: 640px) 100vw, 640px\" \/><\/a>\n\t\t\t<\/div>\n\t\t\t\t<figcaption class='wp-caption-text gallery-caption' id='gallery-1-25'>\n\t\t\t\tUNIVERSAL grafit z ciemnym piaskowym\n\t\t\t\t<\/figcaption><\/figure><figure class='gallery-item'>\n\t\t\t<div class='gallery-icon landscape'>\n\t\t\t\t<a href='http:\/\/art-dekor.com.pl\/wp-content\/uploads\/2017\/01\/2.jpg' title=\"\" data-rl_title=\"\" class=\"rl-gallery-link\" data-rl_caption=\"\" data-rel=\"lightbox-gallery-1\"><img width=\"640\" height=\"480\" src=\"http:\/\/art-dekor.com.pl\/wp-content\/uploads\/2017\/01\/2.jpg\" class=\"attachment-large size-large\" alt=\"\" decoding=\"async\" loading=\"lazy\" aria-describedby=\"gallery-1-24\" srcset=\"http:\/\/art-dekor.com.pl\/wp-content\/uploads\/2017\/01\/2.jpg 960w, http:\/\/art-dekor.com.pl\/wp-content\/uploads\/2017\/01\/2-300x225.jpg 300w, http:\/\/art-dekor.com.pl\/wp-content\/uploads\/2017\/01\/2-768x576.jpg 768w, http:\/\/art-dekor.com.pl\/wp-content\/uploads\/2017\/01\/2-400x300.jpg 400w\" sizes=\"(max-width: 640px) 100vw, 640px\" \/><\/a>\n\t\t\t<\/div>\n\t\t\t\t<figcaption class='wp-caption-text gallery-caption' id='gallery-1-24'>\n\t\t\t\tUNIVERSAL jasny br\u0105z z piaskowym\n\t\t\t\t<\/figcaption><\/figure><figure class='gallery-item'>\n\t\t\t<div class='gallery-icon landscape'>\n\t\t\t\t<a href='http:\/\/art-dekor.com.pl\/wp-content\/uploads\/2017\/01\/1.jpg' title=\"\" data-rl_title=\"\" class=\"rl-gallery-link\" data-rl_caption=\"\" data-rel=\"lightbox-gallery-1\"><img width=\"640\" height=\"480\" src=\"http:\/\/art-dekor.com.pl\/wp-content\/uploads\/2017\/01\/1.jpg\" class=\"attachment-large size-large\" alt=\"\" decoding=\"async\" loading=\"lazy\" aria-describedby=\"gallery-1-23\" srcset=\"http:\/\/art-dekor.com.pl\/wp-content\/uploads\/2017\/01\/1.jpg 960w, http:\/\/art-dekor.com.pl\/wp-content\/uploads\/2017\/01\/1-300x225.jpg 300w, http:\/\/art-dekor.com.pl\/wp-content\/uploads\/2017\/01\/1-768x576.jpg 768w, http:\/\/art-dekor.com.pl\/wp-content\/uploads\/2017\/01\/1-400x300.jpg 400w\" sizes=\"(max-width: 640px) 100vw, 640px\" \/><\/a>\n\t\t\t<\/div>\n\t\t\t\t<figcaption class='wp-caption-text gallery-caption' id='gallery-1-23'>\n\t\t\t\tTHONG jasny piaskowy z br\u0105zem\n\t\t\t\t<\/figcaption><\/figure>\n\t\t<\/div>\n\n","protected":false},"excerpt":{"rendered":"<p>P\u0142ytki wykonane s\u0105 z wysokiej jako\u015bci mieszanki na bazie cementu, w zwi\u0105zku z czym s\u0105 odporne na ka\u017cde warunki atmosferyczne i nadaj\u0105 si\u0119 bez problemu na zewn\u0119trzn\u0105 elewacj\u0119. Wszystkie pigmenty, plastyfikatory i inne materia\u0142y wykorzystywane w produkcji posiadaj\u0105 odpowiednie atesty i certyfikaty dla tego te\u017c s\u0105 w 100% nieszkodliwe dla otoczenia i mo\u017cna bez problemu [&hellip;]<\/p>\n","protected":false},"author":1,"featured_media":0,"parent":7,"menu_order":0,"comment_status":"closed","ping_status":"closed","template":"","meta":[],"_links":{"self":[{"href":"http:\/\/art-dekor.com.pl\/index.php?rest_route=\/wp\/v2\/pages\/288"}],"collection":[{"href":"http:\/\/art-dekor.com.pl\/index.php?rest_route=\/wp\/v2\/pages"}],"about":[{"href":"http:\/\/art-dekor.com.pl\/index.php?rest_route=\/wp\/v2\/types\/page"}],"author":[{"embeddable":true,"href":"http:\/\/art-dekor.com.pl\/index.php?rest_route=\/wp\/v2\/users\/1"}],"replies":[{"embeddable":true,"href":"http:\/\/art-dekor.com.pl\/index.php?rest_route=%2Fwp%2Fv2%2Fcomments&post=288"}],"version-history":[{"count":8,"href":"http:\/\/art-dekor.com.pl\/index.php?rest_route=\/wp\/v2\/pages\/288\/revisions"}],"predecessor-version":[{"id":312,"href":"http:\/\/art-dekor.com.pl\/index.php?rest_route=\/wp\/v2\/pages\/288\/revisions\/312"}],"up":[{"embeddable":true,"href":"http:\/\/art-dekor.com.pl\/index.php?rest_route=\/wp\/v2\/pages\/7"}],"wp:attachment":[{"href":"http:\/\/art-dekor.com.pl\/index.php?rest_route=%2Fwp%2Fv2%2Fmedia&parent=288"}],"curies":[{"name":"wp","href":"https:\/\/api.w.org\/{rel}","templated":true}]}}